the prime factors of 157?
157
What are the prime factors of 267?
3, 89
List the prime factors of 97737.
3, 32579
What are the prime factors of 737?
11, 67
List the prime factors of 18.
2, 3
List the prime factors of 93.
3, 31
List the prime factors of 36606.
2, 3, 6101
List the prime factors of 5282.
2, 19, 139
What are the prime factors of 48932?
2, 13, 941
What are the prime factors of 8875?
5, 71
List the prime factors of 169318.
2, 84659
What are the prime factors of 112923?
3, 12547
What are the prime factors of 2352?
2, 3, 7
What are the prime factors of 16076?
2, 4019
List the prime factors of 11694.
2, 3, 1949
List the prime factors of 6564.
2, 3, 547
List the prime factors of 2695.
5, 7, 11
What are the prime factors of 52559?
13, 311
What are the prime factors of 1937?
13, 149
What are the prime factors of 9987?
3, 3329
List the prime factors of 1092.
2, 3, 7, 13
What are the prime factors of 2520?
2, 3, 5, 7
List the prime factors of 32511.
3, 10837
List the prime factors of 543.
3, 181
List the prime factors of 3459.
3, 1153
What are the prime factors of 465?
3, 5, 31
List the prime factors of 8673.
3, 7, 59
What are the prime factors of 117503?
117503
What are the prime factors of 50954?
2, 73, 349
List the prime factors of 2182.
2, 1091
What are the prime factors of 11303?
89, 127
What are the prime factors of 158770?
2, 5, 15877
What are the prime factors of 139379?
37, 3767
What are the prime factors of 149974?
2, 11, 17, 401
What are the prime factors of 7769?
17, 457
What are the prime factors of 66948?
2, 3, 7, 797
List the prime factors of 32230.
2, 5, 11, 293
List the prime factors of 15791.
15791
What are the prime factors of 2154?
2, 3, 359
What are the prime factors of 13333?
67, 199
What are the prime factors of 15826?
2, 41, 193
List the prime factors of 10044.
2, 3, 31
List the prime factors of 4143.
3, 1381
What are the prime factors of 59166?
2, 3, 19, 173
List the prime factors of 3294.
2, 3, 61
What are the prime factors of 1616?
2, 101
List the prime factors of 41957.
41957
List the prime factors of 2192.
2, 137
What are the prime factors of 1203?
3, 401
What are the prime factors of 15855?
3, 5, 7, 151
List the prime factors of 1993.
1993
List the prime factors of 6383.
13, 491
What are the prime factors of 89714?
2, 31, 1447
List the prime factors of 20591.
59, 349
List the prime factors of 90272.
2, 7, 13, 31
List the prime factors of 2382.
2, 3, 397
What are the prime factors of 3631?
3631
List the prime factors of 29446.
2, 14723
What are the prime factors of 2463?
3, 821
List the prime factors of 597.
3, 199
What are the prime factors of 2472?
2, 3, 103
What are the prime factors of 72020?
2, 5, 13, 277
What are the prime factors of 43801?
43801
List the prime factors of 11190.
2, 3, 5, 373
What are the prime factors of 11521?
41, 281
List the prime factors of 30868.
2, 7717
What are the prime factors of 4166?
2, 2083
List the prime factors of 5021.
5021
List the prime factors of 715.
5, 11, 13
What are the prime factors of 35386?
2, 13, 1361
List the prime factors of 663.
3, 13, 17
What are the prime factors of 4058?
2, 2029
List the prime factors of 12920.
2, 5, 17, 19
What are the prime factors of 25330?
2, 5, 17, 149
What are the prime factors of 5943?
3, 7, 283
What are the prime factors of 13968?
2, 3, 97
What are the prime factors of 41015?
5, 13, 631
List the prime factors of 721.
7, 103
List the prime factors of 13741.
7, 13, 151
What are the prime factors of 17381?
7, 13, 191
What are the prime factors of 697?
17, 41
What are the prime factors of 21370?
2, 5, 2137
List the prime factors of 3760.
2, 5, 47
What are the prime factors of 20962?
2, 47, 223
What are the prime factors of 3908?
2, 977
List the prime factors of 55420.
2, 5, 17, 163
List the prime factors of 34812.
2, 3, 967
List the prime factors of 43129.
17, 43, 59
List the prime factors of 4185.
3, 5, 31
List the prime factors of 35254.
2, 17627
List the prime factors of 47324.
2, 11831
List the prime factors of 6688.
2, 11, 19
What are the prime factors of 12383?
7, 29, 61
What are the prime factors of 3378?
2, 3, 563
What are the prime factors of 1335?
3, 5, 89
What are the prime factors of 5138?
2, 7, 367
What are the prime factors of 9017?
71, 127
What are the prime factors of 1213?
1213
What are the prime factors of 91510?
2, 5, 9151
List the prime factors of 1382.
2, 691
List the prime factors of 47600.
2, 5, 7, 17
List the prime factors of 151.
151
What are the prime factors of 10440?
2, 3, 5, 29
List the prime factors of 23711.
131, 181
What are the prime factors of 817?
19, 43
List the prime factors of 1596.
2, 3, 7, 19
List the prime factors of 10864.
2, 7, 97
What are the prime factors of 42114?
2, 3, 7019
What are the prime factors of 76220?
2, 5, 37, 103
What are the prime factors of 9877?
7, 17, 83
What are the prime factors of 3044?
2, 761
List the prime factors of 21827.
13, 23, 73
List the prime factors of 6767.
67, 101
What are the prime factors of 82996?
2, 20749
What are the prime factors of 2827?
11, 257
List the prime factors of 19939.
127, 157
List the prime factors of 48689.
181, 269
List the prime factors of 7143.
3, 2381
List the prime factors of 8505.
3, 5, 7
List the prime factors of 4492.
2, 1123
List the prime factors of 1500.
2, 3, 5
List the prime factors of 63340.
2, 5, 3167
List the prime factors of 221.
13, 17
What are the prime factors of 1532?
2, 383
List the prime factors of 80234.
2, 7, 11, 521
What are the prime factors of 1080?
2, 3, 5
What are the prime factors of 73?
73
What are the prime factors of 444?
2, 3, 37
List the prime factors of 25725.
3, 5, 7
What are the prime factors of 25745?
5, 19, 271
What are the prime factors of 12550?
2, 5, 251
List the prime factors of 44325.
3, 5, 197
What are the prime factors of 4325?
5, 173
List the prime factors of 4872.
2, 3, 7, 29
What are the prime factors of 227?
227
What are the prime factors of 34238?
2, 17, 19, 53
What are the prime factors of 8051?
83, 97
List the prime factors of 628.
2, 157
What are the prime factors of 15716?
2, 3929
What are the prime factors of 974?
2, 487
What are the prime factors of 12126?
2, 3, 43, 47
What are the prime factors of 1654?
2, 827
What are the prime factors of 104519?
19, 5501
What are the prime factors of 18934?
2, 9467
What are the prime factors of 3565?
5, 23, 31
List the prime factors of 480.
2, 3, 5
List the prime factors of 13870.
2, 5, 19, 73
List the prime factors of 37427.
13, 2879
What are the prime factors of 3527?
3527
What are the prime factors of 51908?
2, 19, 683
List the prime factors of 33771.
3, 11257
What are the prime factors of 20788?
2, 5197
What are the prime factors of 2121?
3, 7, 101
List the prime factors of 90363.
3, 7, 13, 331
What are the prime factors of 18702?
2, 3, 1039
What are the prime factors of 95659?
17, 331
What are the prime factors of 3723?
3, 17, 73
What are the prime factors of 49568?
2, 1549
List the prime factors of 876.
2, 3, 73
List the prime factors of 2931.
3, 977
List the prime factors of 7912.
2, 23, 43
List the prime factors of 1426.
2, 23, 31
What are the prime factors of 255?
3, 5, 17
List the prime factors of 5156.
2, 1289
List the prime factors of 45445.
5, 61, 149
What are the prime factors of 1383?
3, 461
List the prime factors of 6437.
41, 157
List the prime factors of 192.
2, 3
List the prime factors of 1232.
2, 7, 11
List the prime factors of 3222.
2, 3, 179
List the prime factors of 126813.
3, 41, 1031
List the prime factors of 2375.
5, 19
List the prime factors of 24407.
24407
List the prime factors of 183.
3, 61
What are the prime factors of 47?
47
What are the prime factors of 6521?
6521
What are the prime factors of 19645?
5, 3929
What are the prime factors of 4901?
13, 29
What are the prime factors of 7874?
2, 31, 127
List the prime factors of 6973.
19, 367
List the prime factors of 18425.
5, 11, 67
What are the prime factors of 18734?
2, 17, 19, 29
What are the prime factors of 1099?
7, 157
What are the prime factors of 28542?
2, 3, 67, 71
What are the prime factors of 15137?
15137
What are the prime factors of 99041?
99041
What are the prime factors of 240?
2, 3, 5
List the prime factors of 13558.
2, 6779
List the prime factors of 61